CRAN Package Check Results for Package osmplotr

Last updated on 2021-09-28 09:53:25 CEST.

Flavor Version Tinstall Tcheck Ttotal Status Flags
r-devel-linux-x86_64-debian-clang 0.3.3 14.99 226.98 241.97 OK
r-devel-linux-x86_64-debian-gcc 0.3.3 12.17 163.71 175.88 OK
r-devel-linux-x86_64-fedora-clang 0.3.3 299.60 NOTE
r-devel-linux-x86_64-fedora-gcc 0.3.3 297.31 OK
r-devel-windows-x86_64 0.3.3 18.00 210.00 228.00 NOTE
r-devel-windows-x86_64-gcc10-UCRT 0.3.3 OK
r-patched-linux-x86_64 0.3.3 11.82 219.37 231.19 OK
r-patched-solaris-x86 0.3.3 282.50 NOTE
r-release-linux-x86_64 0.3.3 12.30 219.80 232.10 OK
r-release-macos-arm64 0.3.3 NOTE
r-release-macos-x86_64 0.3.3 NOTE
r-release-windows-ix86+x86_64 0.3.3 31.00 222.00 253.00 NOTE
r-oldrel-macos-x86_64 0.3.3 NOTE
r-oldrel-windows-ix86+x86_64 0.3.3 22.00 216.00 238.00 NOTE

Check Details

Version: 0.3.3
Check: installed package size
Result: NOTE
     installed size is 9.2Mb
     sub-directories of 1Mb or more:
     doc 7.8Mb
Flavors: r-devel-linux-x86_64-fedora-clang, r-devel-windows-x86_64, r-patched-solaris-x86, r-release-macos-arm64, r-release-macos-x86_64, r-release-windows-ix86+x86_64, r-oldrel-macos-x86_64, r-oldrel-windows-ix86+x86_64