CRAN Package Check Results for Package osmextract

Last updated on 2021-10-18 09:54:52 CEST.

Flavor Version Tinstall Tcheck Ttotal Status Flags
r-devel-linux-x86_64-debian-clang 0.3.1 6.34 91.18 97.52 OK
r-devel-linux-x86_64-debian-gcc 0.3.1 5.10 71.27 76.37 ERROR
r-devel-linux-x86_64-fedora-clang 0.3.1 104.89 NOTE
r-devel-linux-x86_64-fedora-gcc 0.3.1 121.27 ERROR
r-devel-windows-x86_64 0.3.1 12.00 138.00 150.00 OK
r-devel-windows-x86_64-gcc10-UCRT 0.3.1 NOTE
r-patched-linux-x86_64 0.3.1 7.36 91.29 98.65 OK
r-patched-solaris-x86 0.3.1 177.30 NOTE
r-release-linux-x86_64 0.3.1 6.69 90.51 97.20 OK
r-release-macos-arm64 0.3.1 NOTE
r-release-macos-x86_64 0.3.1 NOTE
r-release-windows-ix86+x86_64 0.3.1 13.00 129.00 142.00 OK
r-oldrel-macos-x86_64 0.3.1 NOTE
r-oldrel-windows-ix86+x86_64 0.3.1 16.00 123.00 139.00 OK

Additional issues

MKL

Check Details

Version: 0.3.1
Check: tests
Result: ERROR
     Running ‘testthat.R’ [12s/34s]
    Running the tests in ‘tests/testthat.R’ failed.
    Complete output:
     > library(testthat)
     > library(osmextract)
     Data (c) OpenStreetMap contributors, ODbL 1.0. https://www.openstreetmap.org/copyright.
     Check the package website, https://docs.ropensci.org/osmextract/, for more details.
     >
     > test_check("osmextract")
     ══ Skipped tests ═══════════════════════════════════════════════════════════════
     • On CRAN (8)
    
     ══ Failed tests ════════════════════════════════════════════════════════════════
     ── Failure (test-get-keys.R:109:3): the output from oe_get_keys is the same as for hstore_get_values ──
     sort(table(my_output["surface"]), decreasing = TRUE)[1:2] (`actual`) not equal to sort(table(its_leeds_with_surface[["surface"]]), decreasing = TRUE)[1:2] (`expected`).
    
     `names(dimnames(actual))`: "surface"
     `names(dimnames(expected))`: ""
    
     [ FAIL 1 | WARN 0 | SKIP 8 | PASS 94 ]
     Error: Test failures
     Execution halted
Flavor: r-devel-linux-x86_64-debian-gcc

Version: 0.3.1
Check: data for non-ASCII characters
Result: NOTE
     Note: found 263 marked UTF-8 strings
Flavors: r-devel-linux-x86_64-fedora-clang, r-devel-linux-x86_64-fedora-gcc, r-devel-windows-x86_64-gcc10-UCRT, r-patched-solaris-x86, r-release-macos-arm64, r-release-macos-x86_64, r-oldrel-macos-x86_64

Version: 0.3.1
Check: tests
Result: ERROR
     Running ‘testthat.R’ [18s/40s]
    Running the tests in ‘tests/testthat.R’ failed.
    Complete output:
     > library(testthat)
     > library(osmextract)
     Data (c) OpenStreetMap contributors, ODbL 1.0. https://www.openstreetmap.org/copyright.
     Check the package website, https://docs.ropensci.org/osmextract/, for more details.
     >
     > test_check("osmextract")
     ══ Skipped tests ═══════════════════════════════════════════════════════════════
     • On CRAN (8)
    
     ══ Failed tests ════════════════════════════════════════════════════════════════
     ── Failure (test-get-keys.R:109:3): the output from oe_get_keys is the same as for hstore_get_values ──
     sort(table(my_output["surface"]), decreasing = TRUE)[1:2] (`actual`) not equal to sort(table(its_leeds_with_surface[["surface"]]), decreasing = TRUE)[1:2] (`expected`).
    
     `names(dimnames(actual))`: "surface"
     `names(dimnames(expected))`: ""
    
     [ FAIL 1 | WARN 0 | SKIP 8 | PASS 94 ]
     Error: Test failures
     Execution halted
Flavor: r-devel-linux-x86_64-fedora-gcc