CRAN Package Check Results for Package osmdata

Last updated on 2021-09-19 09:50:30 CEST.

Flavor Version Tinstall Tcheck Ttotal Status Flags
r-devel-linux-x86_64-debian-clang 0.1.6 88.88 83.54 172.42 OK
r-devel-linux-x86_64-debian-gcc 0.1.6 61.65 63.16 124.81 OK
r-devel-linux-x86_64-fedora-clang 0.1.6 237.29 NOTE
r-devel-linux-x86_64-fedora-gcc 0.1.6 212.64 OK
r-devel-windows-x86_64 0.1.6 81.00 131.00 212.00 NOTE
r-devel-windows-x86_64-gcc10-UCRT 0.1.6 ERROR
r-patched-linux-x86_64 0.1.6 74.61 80.49 155.10 OK
r-patched-solaris-x86 0.1.6 227.60 NOTE
r-release-linux-x86_64 0.1.6 74.64 81.43 156.07 OK
r-release-macos-arm64 0.1.6 NOTE
r-release-macos-x86_64 0.1.6 NOTE
r-release-windows-ix86+x86_64 0.1.6 182.00 138.00 320.00 NOTE
r-oldrel-macos-x86_64 0.1.6 NOTE
r-oldrel-windows-ix86+x86_64 0.1.6 184.00 134.00 318.00 NOTE

Check Details

Version: 0.1.6
Check: installed package size
Result: NOTE
     installed size is 11.2Mb
     sub-directories of 1Mb or more:
     doc 4.3Mb
     libs 5.9Mb
Flavors: r-devel-linux-x86_64-fedora-clang, r-devel-windows-x86_64, r-patched-solaris-x86, r-release-macos-arm64, r-release-macos-x86_64, r-release-windows-ix86+x86_64, r-oldrel-macos-x86_64, r-oldrel-windows-ix86+x86_64

Version: 0.1.6
Check: whether package can be installed
Result: ERROR
    Installation failed.
Flavor: r-devel-windows-x86_64-gcc10-UCRT