CRAN Package Check Results for Package orf

Last updated on 2021-07-27 09:53:30 CEST.

Flavor Version Tinstall Tcheck Ttotal Status Flags
r-devel-linux-x86_64-debian-clang 0.1.3 55.36 286.98 342.34 OK
r-devel-linux-x86_64-debian-gcc 0.1.3 35.26 187.06 222.32 OK
r-devel-linux-x86_64-fedora-clang 0.1.3 418.90 OK
r-devel-linux-x86_64-fedora-gcc 0.1.3 416.73 OK
r-devel-windows-x86_64 0.1.3 67.00 336.00 403.00 OK
r-devel-windows-x86_64-gcc10-UCRT 0.1.3 OK
r-patched-linux-x86_64 0.1.3 44.77 276.76 321.53 OK
r-patched-solaris-x86 0.1.3 719.90 OK
r-release-linux-x86_64 0.1.3 40.32 280.19 320.51 OK
r-release-macos-arm64 0.1.3 WARN
r-release-macos-x86_64 0.1.3 OK
r-release-windows-ix86+x86_64 0.1.3 119.00 417.00 536.00 OK
r-oldrel-macos-x86_64 0.1.3 OK
r-oldrel-windows-ix86+x86_64 0.1.3 83.00 421.00 504.00 OK

Check Details

Version: 0.1.3
Check: re-building of vignette outputs
Result: WARN
    Error(s) in re-building vignettes:
     ...
    --- re-building ‘orf_vignette.Rmd’ using rmarkdown
    Warning in engine$weave(file, quiet = quiet, encoding = enc) :
     Pandoc (>= 1.12.3) not available. Falling back to R Markdown v1.
    Quitting from lines 209-211 (orf_vignette.Rmd)
    Error: processing vignette 'orf_vignette.Rmd' failed with diagnostics:
    polygon edge not found
    --- failed re-building ‘orf_vignette.Rmd’
    
    SUMMARY: processing the following file failed:
     ‘orf_vignette.Rmd’
    
    Error: Vignette re-building failed.
    Execution halted
Flavor: r-release-macos-arm64