CRAN Package Check Results for Package optrees

Last updated on 2021-10-22 09:53:13 CEST.

Flavor Version Tinstall Tcheck Ttotal Status Flags
r-devel-linux-x86_64-debian-clang 1.0 3.79 36.66 40.45 NOTE
r-devel-linux-x86_64-debian-gcc 1.0 3.50 28.54 32.04 NOTE
r-devel-linux-x86_64-fedora-clang 1.0 60.75 NOTE
r-devel-linux-x86_64-fedora-gcc 1.0 49.95 NOTE
r-devel-windows-x86_64 1.0 6.00 60.00 66.00 NOTE
r-devel-windows-x86_64-gcc10-UCRT 1.0 ERROR
r-patched-linux-x86_64 1.0 5.45 35.72 41.17 NOTE
r-patched-solaris-x86 1.0 75.60 NOTE
r-release-linux-x86_64 1.0 4.62 36.07 40.69 NOTE
r-release-macos-arm64 1.0 NOTE
r-release-macos-x86_64 1.0 NOTE
r-release-windows-ix86+x86_64 1.0 5.00 54.00 59.00 NOTE
r-oldrel-macos-x86_64 1.0 NOTE
r-oldrel-windows-ix86+x86_64 1.0 7.00 55.00 62.00 NOTE

Check Details

Version: 1.0
Check: R code for possible problems
Result: NOTE
    getMinimumArborescence: no visible global function definition for
     'capture.output'
    getMinimumCutTree: no visible global function definition for
     'capture.output'
    getMinimumCutTree: no visible global function definition for 'par'
    getMinimumSpanningTree: no visible global function definition for
     'capture.output'
    getShortestPathTree: no visible global function definition for
     'capture.output'
    Undefined global functions or variables:
     capture.output par
    Consider adding
     importFrom("graphics", "par")
     importFrom("utils", "capture.output")
    to your NAMESPACE file.
Flavors: r-devel-linux-x86_64-debian-clang, r-devel-linux-x86_64-debian-gcc, r-devel-linux-x86_64-fedora-clang, r-devel-linux-x86_64-fedora-gcc, r-devel-windows-x86_64, r-patched-linux-x86_64, r-patched-solaris-x86, r-release-linux-x86_64, r-release-macos-arm64, r-release-macos-x86_64, r-release-windows-ix86+x86_64, r-oldrel-macos-x86_64, r-oldrel-windows-ix86+x86_64

Version: 1.0
Check: package dependencies
Result: ERROR
    Package required but not available: 'igraph'
    
    See section 'The DESCRIPTION file' in the 'Writing R Extensions'
    manual.
Flavor: r-devel-windows-x86_64-gcc10-UCRT