Last updated on 2024-03-28 10:49:42 CET.
Flavor | Version | Tinstall | Tcheck | Ttotal | Status | Flags |
---|---|---|---|---|---|---|
r-devel-linux-x86_64-debian-clang | 0.1-2 | 11.18 | 93.87 | 105.05 | NOTE | |
r-devel-linux-x86_64-debian-gcc | 0.1-2 | 7.83 | 70.55 | 78.38 | NOTE | |
r-devel-linux-x86_64-fedora-clang | 0.1-2 | 132.96 | NOTE | |||
r-devel-linux-x86_64-fedora-gcc | 0.1-2 | 126.62 | NOTE | |||
r-devel-windows-x86_64 | 0.1-2 | 11.00 | 85.00 | 96.00 | NOTE | |
r-patched-linux-x86_64 | 0.1-2 | 12.03 | 92.82 | 104.85 | NOTE | |
r-release-linux-x86_64 | 0.1-2 | 9.38 | 95.66 | 105.04 | OK | |
r-release-macos-arm64 | 0.1-2 | 40.00 | OK | |||
r-release-macos-x86_64 | 0.1-2 | 69.00 | OK | |||
r-release-windows-x86_64 | 0.1-2 | 13.00 | 101.00 | 114.00 | OK | |
r-oldrel-macos-arm64 | 0.1-2 | 36.00 | OK | |||
r-oldrel-windows-x86_64 | 0.1-2 | 13.00 | 102.00 | 115.00 | OK |
Version: 0.1-2
Check: Rd files
Result: NOTE
checkRd: (-1) lorenz.Rd:82: Lost braces; missing escapes or markup?
82 | L_i = sum_{j=1}^{i} x_j * n_j / sum_{j=1}^{n} x_j * n_j.
| ^
checkRd: (-1) lorenz.Rd:82: Lost braces; missing escapes or markup?
82 | L_i = sum_{j=1}^{i} x_j * n_j / sum_{j=1}^{n} x_j * n_j.
| ^
checkRd: (-1) lorenz.Rd:82: Lost braces; missing escapes or markup?
82 | L_i = sum_{j=1}^{i} x_j * n_j / sum_{j=1}^{n} x_j * n_j.
| ^
checkRd: (-1) lorenz.Rd:82: Lost braces; missing escapes or markup?
82 | L_i = sum_{j=1}^{i} x_j * n_j / sum_{j=1}^{n} x_j * n_j.
| ^
checkRd: (-1) lorenz.Rd:83: Lost braces; missing escapes or markup?
83 | where x_i are indexed in non-decreasing order (x_i <= x_{i+1}).
| ^
Flavors: r-devel-linux-x86_64-debian-clang, r-devel-linux-x86_64-debian-gcc, r-devel-linux-x86_64-fedora-clang, r-devel-linux-x86_64-fedora-gcc, r-devel-windows-x86_64, r-patched-linux-x86_64