CRAN Package Check Results for Package opentripplanner

Last updated on 2021-09-19 09:50:30 CEST.

Flavor Version Tinstall Tcheck Ttotal Status Flags
r-devel-linux-x86_64-debian-clang 0.3.1 3.33 38.85 42.18 OK
r-devel-linux-x86_64-debian-gcc 0.3.1 3.23 30.34 33.57 OK
r-devel-linux-x86_64-fedora-clang 0.3.1 59.67 NOTE
r-devel-linux-x86_64-fedora-gcc 0.3.1 54.14 NOTE
r-devel-windows-x86_64 0.3.1 6.00 64.00 70.00 OK
r-devel-windows-x86_64-gcc10-UCRT 0.3.1 ERROR
r-patched-linux-x86_64 0.3.1 4.45 38.87 43.32 OK
r-patched-solaris-x86 0.3.1 71.40 NOTE
r-release-linux-x86_64 0.3.1 3.77 37.84 41.61 OK
r-release-macos-arm64 0.3.1 NOTE
r-release-macos-x86_64 0.3.1 NOTE
r-release-windows-ix86+x86_64 0.3.1 8.00 44.00 52.00 OK
r-oldrel-macos-x86_64 0.3.1 NOTE
r-oldrel-windows-ix86+x86_64 0.3.1 8.00 43.00 51.00 OK

Check Details

Version: 0.3.1
Check: dependencies in R code
Result: NOTE
    Namespace in Imports field not imported from: ‘tibble’
     All declared Imports should be used.
Flavors: r-devel-linux-x86_64-fedora-clang, r-devel-linux-x86_64-fedora-gcc, r-devel-windows-x86_64-gcc10-UCRT, r-patched-solaris-x86, r-release-macos-arm64, r-release-macos-x86_64, r-oldrel-macos-x86_64

Version: 0.3.1
Check: whether package can be installed
Result: WARN
    Found the following significant warnings:
     WARNING: installation-time patches will not be applied, could not get the patches index
Flavor: r-devel-windows-x86_64-gcc10-UCRT

Version: 0.3.1
Check: PDF version of manual
Result: WARN
    LaTeX errors when creating PDF version.
    This typically indicates Rd problems.
Flavor: r-devel-windows-x86_64-gcc10-UCRT

Version: 0.3.1
Check: PDF version of manual without hyperrefs or index
Result: ERROR
    Re-running with no redirection of stdout/stderr.
Flavor: r-devel-windows-x86_64-gcc10-UCRT

Version: 0.3.1
Check: package dependencies
Result: NOTE
    Package suggested but not available for checking: ‘RcppSimdJson’
Flavor: r-patched-solaris-x86