CRAN Package Check Results for Package opencpu

Last updated on 2021-09-22 09:52:38 CEST.

Flavor Version Tinstall Tcheck Ttotal Status Flags
r-devel-linux-x86_64-debian-clang 2.2.5 6.40 41.53 47.93 OK
r-devel-linux-x86_64-debian-gcc 2.2.5 4.45 32.80 37.25 OK
r-devel-linux-x86_64-fedora-clang 2.2.5 66.02 NOTE
r-devel-linux-x86_64-fedora-gcc 2.2.5 56.52 NOTE
r-devel-windows-x86_64 2.2.5 7.00 42.00 49.00 NOTE
r-devel-windows-x86_64-gcc10-UCRT 2.2.5 ERROR
r-patched-linux-x86_64 2.2.5 8.37 40.36 48.73 OK
r-patched-solaris-x86 2.2.5 81.70 NOTE
r-release-linux-x86_64 2.2.5 5.07 40.79 45.86 OK
r-release-macos-arm64 2.2.5 NOTE
r-release-macos-x86_64 2.2.5 NOTE
r-release-windows-ix86+x86_64 2.2.5 11.00 44.00 55.00 NOTE
r-oldrel-macos-x86_64 2.2.5 NOTE
r-oldrel-windows-ix86+x86_64 2.2.5 8.00 43.00 51.00 NOTE

Check Details

Version: 2.2.5
Check: data for non-ASCII characters
Result: NOTE
     Note: found 4 marked UTF-8 strings
Flavors: r-devel-linux-x86_64-fedora-clang, r-devel-linux-x86_64-fedora-gcc, r-devel-windows-x86_64-gcc10-UCRT, r-patched-solaris-x86, r-release-macos-arm64, r-release-macos-x86_64, r-oldrel-macos-x86_64

Version: 2.2.5
Check: package dependencies
Result: NOTE
    Package suggested but not available for checking: 'unix'
Flavors: r-devel-windows-x86_64, r-devel-windows-x86_64-gcc10-UCRT, r-release-windows-ix86+x86_64, r-oldrel-windows-ix86+x86_64

Version: 2.2.5
Check: PDF version of manual
Result: WARN
    LaTeX errors when creating PDF version.
    This typically indicates Rd problems.
Flavor: r-devel-windows-x86_64-gcc10-UCRT

Version: 2.2.5
Check: PDF version of manual without hyperrefs or index
Result: ERROR
    Re-running with no redirection of stdout/stderr.
Flavor: r-devel-windows-x86_64-gcc10-UCRT