CRAN Package Check Results for Package onlineforecast

Last updated on 2021-09-17 09:53:31 CEST.

Flavor Version Tinstall Tcheck Ttotal Status Flags
r-devel-linux-x86_64-debian-clang 0.10.0 50.45 367.85 418.30 OK
r-devel-linux-x86_64-debian-gcc 0.10.0 32.83 248.79 281.62 OK
r-devel-linux-x86_64-fedora-clang 0.10.0 494.19 OK
r-devel-linux-x86_64-fedora-gcc 0.10.0 467.89 OK
r-devel-windows-x86_64 0.10.0 47.00 424.00 471.00 OK
r-devel-windows-x86_64-gcc10-UCRT 0.10.0 OK
r-patched-linux-x86_64 0.10.0 39.43 342.52 381.95 OK
r-patched-solaris-x86 0.10.0 539.70 OK
r-release-linux-x86_64 0.10.0 39.30 335.96 375.26 OK
r-release-macos-arm64 0.10.0 NOTE
r-release-macos-x86_64 0.10.0 NOTE
r-release-windows-ix86+x86_64 0.10.0 118.00 351.00 469.00 NOTE
r-oldrel-macos-x86_64 0.10.0 NOTE
r-oldrel-windows-ix86+x86_64 0.10.0 82.00 421.00 503.00 NOTE

Check Details

Version: 0.10.0
Check: installed package size
Result: NOTE
     installed size is 5.8Mb
     sub-directories of 1Mb or more:
     doc 3.1Mb
     libs 2.0Mb
Flavors: r-release-macos-arm64, r-release-macos-x86_64, r-release-windows-ix86+x86_64, r-oldrel-macos-x86_64, r-oldrel-windows-ix86+x86_64