CRAN Package Check Results for Package oceanis

Last updated on 2021-10-22 09:53:12 CEST.

Flavor Version Tinstall Tcheck Ttotal Status Flags
r-devel-linux-x86_64-debian-clang 1.7.5.2 60.03 437.83 497.86 OK
r-devel-linux-x86_64-debian-gcc 1.7.5.2 50.38 320.19 370.57 OK
r-devel-linux-x86_64-fedora-clang 1.7.5.2 628.49 NOTE
r-devel-linux-x86_64-fedora-gcc 1.7.5.2 616.56 NOTE
r-devel-windows-x86_64 1.7.5.2 99.00 497.00 596.00 OK
r-devel-windows-x86_64-gcc10-UCRT 1.7.5.2 NOTE
r-patched-linux-x86_64 1.7.5.2 59.49 421.01 480.50 OK
r-patched-solaris-x86 1.7.5.2 720.70 NOTE
r-release-linux-x86_64 1.7.5.2 56.88 419.66 476.54 OK
r-release-macos-arm64 1.7.5.2 NOTE
r-release-macos-x86_64 1.7.5.2 NOTE
r-release-windows-ix86+x86_64 1.7.5.2 124.00 478.00 602.00 OK
r-oldrel-macos-x86_64 1.7.5.2 NOTE
r-oldrel-windows-ix86+x86_64 1.7.5.2 90.00 338.00 428.00 OK

Check Details

Version: 1.7.5.2
Check: dependencies in R code
Result: NOTE
    Namespace in Imports field not imported from: ‘units’
     All declared Imports should be used.
Flavors: r-devel-linux-x86_64-fedora-clang, r-devel-linux-x86_64-fedora-gcc, r-devel-windows-x86_64-gcc10-UCRT, r-patched-solaris-x86, r-release-macos-arm64, r-release-macos-x86_64, r-oldrel-macos-x86_64

Version: 1.7.5.2
Check: installed package size
Result: NOTE
     installed size is 5.3Mb
     sub-directories of 1Mb or more:
     R 2.0Mb
     extdata 1.9Mb
Flavor: r-release-macos-arm64