CRAN Package Check Results for Package oce

Last updated on 2021-09-27 09:49:48 CEST.

Flavor Version Tinstall Tcheck Ttotal Status Flags
r-devel-linux-x86_64-debian-clang 1.4-0 267.65 560.39 828.04 OK
r-devel-linux-x86_64-debian-gcc 1.4-0 173.63 412.29 585.92 OK
r-devel-linux-x86_64-fedora-clang 1.4-0 1119.80 NOTE
r-devel-linux-x86_64-fedora-gcc 1.4-0 1052.68 OK
r-devel-windows-x86_64 1.4-0 252.00 548.00 800.00 NOTE
r-devel-windows-x86_64-gcc10-UCRT 1.4-0 OK
r-patched-linux-x86_64 1.4-0 222.10 550.02 772.12 OK
r-patched-solaris-x86 1.4-0 1070.70 NOTE
r-release-linux-x86_64 1.4-0 211.72 553.03 764.75 OK
r-release-macos-arm64 1.4-0 NOTE
r-release-macos-x86_64 1.4-0 NOTE
r-release-windows-ix86+x86_64 1.4-0 559.00 744.00 1303.00 NOTE
r-oldrel-macos-x86_64 1.4-0 NOTE
r-oldrel-windows-ix86+x86_64 1.4-0 398.00 685.00 1083.00 NOTE

Check Details

Version: 1.4-0
Check: installed package size
Result: NOTE
     installed size is 12.8Mb
     sub-directories of 1Mb or more:
     R 2.5Mb
     data 1.0Mb
     doc 2.0Mb
     help 3.4Mb
     libs 3.2Mb
Flavors: r-devel-linux-x86_64-fedora-clang, r-devel-windows-x86_64, r-patched-solaris-x86, r-release-macos-arm64, r-release-macos-x86_64, r-release-windows-ix86+x86_64, r-oldrel-macos-x86_64, r-oldrel-windows-ix86+x86_64