Last updated on 2024-05-05 10:53:33 CEST.
Flavor | Version | Tinstall | Tcheck | Ttotal | Status | Flags |
---|---|---|---|---|---|---|
r-devel-linux-x86_64-debian-clang | 1.0.0 | 14.58 | 155.48 | 170.06 | NOTE | |
r-devel-linux-x86_64-debian-gcc | 1.0.0 | 13.51 | 114.33 | 127.84 | NOTE | |
r-devel-linux-x86_64-fedora-clang | 1.0.0 | 215.49 | NOTE | |||
r-devel-linux-x86_64-fedora-gcc | 1.0.0 | 221.54 | NOTE | |||
r-devel-windows-x86_64 | 1.0.0 | 13.00 | 114.00 | 127.00 | NOTE | |
r-patched-linux-x86_64 | 1.0.0 | 16.57 | 146.39 | 162.96 | NOTE | |
r-release-linux-x86_64 | 1.0.0 | 16.96 | 150.40 | 167.36 | NOTE | |
r-release-macos-arm64 | 1.0.0 | 59.00 | NOTE | |||
r-release-windows-x86_64 | 1.0.0 | 15.00 | 114.00 | 129.00 | NOTE | |
r-oldrel-macos-arm64 | 1.0.0 | 76.00 | NOTE | |||
r-oldrel-macos-x86_64 | 1.0.0 | 110.00 | NOTE | |||
r-oldrel-windows-x86_64 | 1.0.0 | 18.00 | 134.00 | 152.00 | NOTE |
Version: 1.0.0
Check: LazyData
Result: NOTE
'LazyData' is specified without a 'data' directory
Flavors: r-devel-linux-x86_64-debian-clang, r-devel-linux-x86_64-debian-gcc, r-devel-linux-x86_64-fedora-clang, r-devel-linux-x86_64-fedora-gcc, r-devel-windows-x86_64, r-patched-linux-x86_64, r-release-linux-x86_64, r-release-macos-arm64, r-release-windows-x86_64, r-oldrel-macos-arm64, r-oldrel-macos-x86_64, r-oldrel-windows-x86_64
Version: 1.0.0
Check: dependencies in R code
Result: NOTE
Namespaces in Imports field not imported from:
‘knitr’ ‘tibble’
All declared Imports should be used.
Flavors: r-devel-linux-x86_64-fedora-clang, r-devel-linux-x86_64-fedora-gcc