Last updated on 2024-04-17 08:57:38 CEST.
Flavor | Version | Tinstall | Tcheck | Ttotal | Status | Flags |
---|---|---|---|---|---|---|
r-devel-linux-x86_64-debian-clang | 1.0.2 | 16.38 | 56.54 | 72.92 | OK | |
r-devel-linux-x86_64-debian-gcc | 1.0.2 | 17.82 | 42.50 | 60.32 | OK | |
r-devel-linux-x86_64-fedora-clang | 1.0.2 | 95.51 | OK | |||
r-devel-linux-x86_64-fedora-gcc | 1.0.2 | 91.64 | OK | |||
r-prerel-macos-arm64 | 1.0.2 | 40.00 | NOTE | |||
r-prerel-windows-x86_64 | 1.0.2 | 17.00 | 57.00 | 74.00 | OK | |
r-patched-linux-x86_64 | 1.0.2 | 18.49 | 52.51 | 71.00 | OK | |
r-release-linux-x86_64 | 1.0.2 | 20.68 | 53.96 | 74.64 | OK | |
r-release-macos-arm64 | 1.0.2 | 46.00 | NOTE | |||
r-release-macos-x86_64 | 1.0.2 | 68.00 | NOTE | |||
r-release-windows-x86_64 | 1.0.2 | 26.00 | 73.00 | 99.00 | OK | |
r-oldrel-macos-arm64 | 1.0.2 | 46.00 | NOTE | |||
r-oldrel-windows-x86_64 | 1.0.2 | 27.00 | 80.00 | 107.00 | OK |
Version: 1.0.2
Check: installed package size
Result: NOTE
installed size is 5.2Mb
sub-directories of 1Mb or more:
data 5.1Mb
Flavors: r-prerel-macos-arm64, r-release-macos-arm64, r-release-macos-x86_64, r-oldrel-macos-arm64