CRAN Package Check Results for Package nsrr

Last updated on 2021-09-17 09:53:31 CEST.

Flavor Version Tinstall Tcheck Ttotal Status Flags
r-devel-linux-x86_64-debian-clang 0.2.0 2.64 38.69 41.33 NOTE
r-devel-linux-x86_64-debian-gcc 0.2.0 2.08 29.99 32.07 NOTE
r-devel-linux-x86_64-fedora-clang 0.2.0 57.39 NOTE
r-devel-linux-x86_64-fedora-gcc 0.2.0 47.17 NOTE
r-devel-windows-x86_64 0.2.0 3.00 95.00 98.00 NOTE
r-devel-windows-x86_64-gcc10-UCRT 0.2.0 NOTE
r-patched-linux-x86_64 0.2.0 5.36 37.91 43.27 NOTE
r-patched-solaris-x86 0.2.0 73.70 NOTE
r-release-linux-x86_64 0.2.0 2.51 37.95 40.46 NOTE
r-release-macos-arm64 0.2.0 NOTE
r-release-macos-x86_64 0.2.0 NOTE
r-release-windows-ix86+x86_64 0.2.0 6.00 73.00 79.00 NOTE
r-oldrel-macos-x86_64 0.2.0 OK
r-oldrel-windows-ix86+x86_64 0.2.0 5.00 89.00 94.00 OK

Check Details

Version: 0.2.0
Check: LazyData
Result: NOTE
     'LazyData' is specified without a 'data' directory
Flavors: r-devel-linux-x86_64-debian-clang, r-devel-linux-x86_64-debian-gcc, r-devel-linux-x86_64-fedora-clang, r-devel-linux-x86_64-fedora-gcc, r-devel-windows-x86_64, r-devel-windows-x86_64-gcc10-UCRT, r-patched-linux-x86_64, r-patched-solaris-x86, r-release-linux-x86_64, r-release-macos-arm64, r-release-macos-x86_64, r-release-windows-ix86+x86_64