Last updated on 2024-04-19 10:57:34 CEST.
Flavor | Version | Tinstall | Tcheck | Ttotal | Status | Flags |
---|---|---|---|---|---|---|
r-devel-linux-x86_64-debian-clang | 0.0.3 | 12.20 | 108.32 | 120.52 | OK | |
r-devel-linux-x86_64-debian-gcc | 0.0.3 | OK | ||||
r-devel-linux-x86_64-fedora-clang | 0.0.3 | 147.12 | NOTE | |||
r-devel-linux-x86_64-fedora-gcc | 0.0.3 | 138.33 | NOTE | |||
r-prerel-macos-arm64 | 0.0.3 | 39.00 | OK | |||
r-prerel-windows-x86_64 | 0.0.3 | 13.00 | 92.00 | 105.00 | OK | |
r-patched-linux-x86_64 | 0.0.3 | 10.26 | 98.49 | 108.75 | OK | |
r-release-linux-x86_64 | 0.0.3 | 8.41 | 104.89 | 113.30 | OK | |
r-release-macos-arm64 | 0.0.3 | 70.00 | OK | |||
r-release-macos-x86_64 | 0.0.3 | 82.00 | OK | |||
r-release-windows-x86_64 | 0.0.3 | 15.00 | 110.00 | 125.00 | OK | |
r-oldrel-macos-arm64 | 0.0.3 | 44.00 | NOTE | |||
r-oldrel-windows-x86_64 | 0.0.3 | 15.00 | 112.00 | 127.00 | OK |
Version: 0.0.3
Check: dependencies in R code
Result: NOTE
Namespace in Imports field not imported from: ‘xgboost’
All declared Imports should be used.
Flavors: r-devel-linux-x86_64-fedora-clang, r-devel-linux-x86_64-fedora-gcc, r-oldrel-macos-arm64