CRAN Package Check Results for Package nproc

Last updated on 2021-10-20 09:55:16 CEST.

Flavor Version Tinstall Tcheck Ttotal Status Flags
r-devel-linux-x86_64-debian-clang 2.1.5 8.74 117.74 126.48 NOTE
r-devel-linux-x86_64-debian-gcc 2.1.5 6.66 81.29 87.95 NOTE
r-devel-linux-x86_64-fedora-clang 2.1.5 161.11 NOTE
r-devel-linux-x86_64-fedora-gcc 2.1.5 153.38 NOTE
r-devel-windows-x86_64 2.1.5 16.00 167.00 183.00 NOTE
r-devel-windows-x86_64-gcc10-UCRT 2.1.5 NOTE
r-patched-linux-x86_64 2.1.5 7.92 117.46 125.38 NOTE
r-patched-solaris-x86 2.1.5 157.70 NOTE
r-release-linux-x86_64 2.1.5 8.18 116.96 125.14 NOTE
r-release-macos-arm64 2.1.5 NOTE
r-release-macos-x86_64 2.1.5 NOTE
r-release-windows-ix86+x86_64 2.1.5 14.00 158.00 172.00 NOTE
r-oldrel-macos-x86_64 2.1.5 OK
r-oldrel-windows-ix86+x86_64 2.1.5 20.00 192.00 212.00 OK

Check Details

Version: 2.1.5
Check: LazyData
Result: NOTE
     'LazyData' is specified without a 'data' directory
Flavors: r-devel-linux-x86_64-debian-clang, r-devel-linux-x86_64-debian-gcc, r-devel-linux-x86_64-fedora-clang, r-devel-linux-x86_64-fedora-gcc, r-devel-windows-x86_64, r-devel-windows-x86_64-gcc10-UCRT, r-patched-linux-x86_64, r-patched-solaris-x86, r-release-linux-x86_64, r-release-macos-arm64, r-release-macos-x86_64, r-release-windows-ix86+x86_64