Last updated on 2024-04-23 10:54:10 CEST.
Flavor | Version | Tinstall | Tcheck | Ttotal | Status | Flags |
---|---|---|---|---|---|---|
r-devel-linux-x86_64-debian-clang | 0.4.0 | 46.55 | 68.05 | 114.60 | NOTE | |
r-devel-linux-x86_64-debian-gcc | 0.4.0 | 36.22 | 49.85 | 86.07 | NOTE | |
r-devel-linux-x86_64-fedora-clang | 0.4.0 | 151.43 | NOTE | |||
r-devel-linux-x86_64-fedora-gcc | 0.4.0 | 151.29 | NOTE | |||
r-prerel-macos-arm64 | 0.4.0 | 41.00 | NOTE | |||
r-prerel-windows-x86_64 | 0.4.0 | 38.00 | 89.00 | 127.00 | NOTE | |
r-patched-linux-x86_64 | 0.4.0 | 51.50 | 65.74 | 117.24 | NOTE | |
r-release-linux-x86_64 | 0.4.0 | 49.39 | 64.30 | 113.69 | NOTE | |
r-release-macos-arm64 | 0.4.0 | 44.00 | NOTE | |||
r-release-macos-x86_64 | 0.4.0 | 69.00 | NOTE | |||
r-release-windows-x86_64 | 0.4.0 | 48.00 | 98.00 | 146.00 | NOTE | |
r-oldrel-macos-arm64 | 0.4.0 | 40.00 | OK | |||
r-oldrel-windows-x86_64 | 0.4.0 | 47.00 | 101.00 | 148.00 | OK |
Version: 0.4.0
Check: C++ specification
Result: NOTE
Specified C++11: please drop specification unless essential
Flavors: r-devel-linux-x86_64-debian-clang, r-devel-linux-x86_64-debian-gcc, r-devel-linux-x86_64-fedora-clang, r-devel-linux-x86_64-fedora-gcc, r-prerel-macos-arm64, r-prerel-windows-x86_64, r-patched-linux-x86_64, r-release-linux-x86_64, r-release-macos-arm64, r-release-macos-x86_64, r-release-windows-x86_64