CRAN Package Check Results for Package nomisr

Last updated on 2021-07-29 10:53:09 CEST.

Flavor Version Tinstall Tcheck Ttotal Status Flags
r-devel-linux-x86_64-debian-clang 0.4.4 OK
r-devel-linux-x86_64-debian-gcc 0.4.4 5.38 124.87 130.25 OK
r-devel-linux-x86_64-fedora-clang 0.4.4 238.01 OK
r-devel-linux-x86_64-fedora-gcc 0.4.4 201.44 OK
r-devel-windows-x86_64 0.4.4 11.00 360.00 371.00 OK
r-devel-windows-x86_64-gcc10-UCRT 0.4.4 OK
r-patched-linux-x86_64 0.4.4 7.71 159.10 166.81 OK
r-patched-solaris-x86 0.4.4 292.10 OK
r-release-linux-x86_64 0.4.4 6.58 159.42 166.00 OK
r-release-macos-arm64 0.4.4 WARN
r-release-macos-x86_64 0.4.4 OK
r-release-windows-ix86+x86_64 0.4.4 17.00 365.00 382.00 OK
r-oldrel-macos-x86_64 0.4.4 OK
r-oldrel-windows-ix86+x86_64 0.4.4 12.00 370.00 382.00 OK

Check Details

Version: 0.4.4
Check: re-building of vignette outputs
Result: WARN
    Error(s) in re-building vignettes:
     ...
    --- re-building ‘Introduction-to-work-and-health-nomis-indicators.Rmd’ using rmarkdown
    Warning in engine$weave(file, quiet = quiet, encoding = enc) :
     Pandoc (>= 1.12.3) not available. Falling back to R Markdown v1.
    Quitting from lines 194-365 (Introduction-to-work-and-health-nomis-indicators.Rmd)
    Error: processing vignette 'Introduction-to-work-and-health-nomis-indicators.Rmd' failed with diagnostics:
    polygon edge not found
    --- failed re-building ‘Introduction-to-work-and-health-nomis-indicators.Rmd’
    
    --- re-building ‘introduction.Rmd’ using rmarkdown
    Warning in engine$weave(file, quiet = quiet, encoding = enc) :
     Pandoc (>= 1.12.3) not available. Falling back to R Markdown v1.
    Quitting from lines 182-207 (introduction.Rmd)
    Error: processing vignette 'introduction.Rmd' failed with diagnostics:
    polygon edge not found
    --- failed re-building ‘introduction.Rmd’
    
    SUMMARY: processing the following files failed:
     ‘Introduction-to-work-and-health-nomis-indicators.Rmd’
     ‘introduction.Rmd’
    
    Error: Vignette re-building failed.
    Execution halted
Flavor: r-release-macos-arm64