CRAN Package Check Results for Package nombre

Last updated on 2021-10-25 09:55:28 CEST.

Flavor Version Tinstall Tcheck Ttotal Status Flags
r-devel-linux-x86_64-debian-clang 0.3.0 2.84 34.80 37.64 NOTE
r-devel-linux-x86_64-debian-gcc 0.3.0 2.29 26.35 28.64 NOTE
r-devel-linux-x86_64-fedora-clang 0.3.0 38.53 NOTE
r-devel-linux-x86_64-fedora-gcc 0.3.0 44.80 NOTE
r-devel-windows-x86_64 0.3.0 6.00 54.00 60.00 NOTE
r-devel-windows-x86_64-gcc10-UCRT 0.3.0 NOTE
r-patched-linux-x86_64 0.3.0 2.89 33.24 36.13 NOTE
r-patched-solaris-x86 0.3.0 60.80 NOTE
r-release-linux-x86_64 0.3.0 2.31 32.95 35.26 NOTE
r-release-macos-arm64 0.3.0 NOTE
r-release-macos-x86_64 0.3.0 NOTE
r-release-windows-ix86+x86_64 0.3.0 5.00 54.00 59.00 NOTE
r-oldrel-macos-x86_64 0.3.0 OK
r-oldrel-windows-ix86+x86_64 0.3.0 8.00 54.00 62.00 OK

Check Details

Version: 0.3.0
Check: LazyData
Result: NOTE
     'LazyData' is specified without a 'data' directory
Flavors: r-devel-linux-x86_64-debian-clang, r-devel-linux-x86_64-debian-gcc, r-devel-linux-x86_64-fedora-clang, r-devel-linux-x86_64-fedora-gcc, r-devel-windows-x86_64, r-devel-windows-x86_64-gcc10-UCRT, r-patched-linux-x86_64, r-patched-solaris-x86, r-release-linux-x86_64, r-release-macos-arm64, r-release-macos-x86_64, r-release-windows-ix86+x86_64