Last updated on 2024-04-19 10:57:33 CEST.
Flavor | Version | Tinstall | Tcheck | Ttotal | Status | Flags |
---|---|---|---|---|---|---|
r-devel-linux-x86_64-debian-clang | 0.2.5 | 208.31 | 65.80 | 274.11 | OK | |
r-devel-linux-x86_64-debian-gcc | 0.2.5 | OK | ||||
r-devel-linux-x86_64-fedora-clang | 0.2.5 | 388.98 | OK | |||
r-devel-linux-x86_64-fedora-gcc | 0.2.5 | 412.21 | OK | |||
r-prerel-macos-arm64 | 0.2.5 | 74.00 | NOTE | |||
r-prerel-macos-x86_64 | 0.2.5 | 126.00 | NOTE | |||
r-prerel-windows-x86_64 | 0.2.5 | 152.00 | 109.00 | 261.00 | OK | |
r-patched-linux-x86_64 | 0.2.5 | 198.95 | 63.05 | 262.00 | OK | |
r-release-linux-x86_64 | 0.2.5 | 197.47 | 62.16 | 259.63 | OK | |
r-release-macos-arm64 | 0.2.5 | 87.00 | NOTE | |||
r-release-macos-x86_64 | 0.2.5 | 127.00 | NOTE | |||
r-release-windows-x86_64 | 0.2.5 | 163.00 | 125.00 | 288.00 | OK | |
r-oldrel-macos-arm64 | 0.2.5 | 79.00 | NOTE | |||
r-oldrel-windows-x86_64 | 0.2.5 | 176.00 | 127.00 | 303.00 | OK |
Version: 0.2.5
Check: installed package size
Result: NOTE
installed size is 9.9Mb
sub-directories of 1Mb or more:
libs 9.3Mb
Flavors: r-prerel-macos-arm64, r-prerel-macos-x86_64, r-release-macos-arm64, r-release-macos-x86_64, r-oldrel-macos-arm64