CRAN Package Check Results for Package nnfor

Last updated on 2021-10-20 09:55:16 CEST.

Flavor Version Tinstall Tcheck Ttotal Status Flags
r-devel-linux-x86_64-debian-clang 0.9.6 11.08 96.11 107.19 NOTE
r-devel-linux-x86_64-debian-gcc 0.9.6 8.35 72.21 80.56 NOTE
r-devel-linux-x86_64-fedora-clang 0.9.6 136.44 NOTE
r-devel-linux-x86_64-fedora-gcc 0.9.6 123.17 NOTE
r-devel-windows-x86_64 0.9.6 18.00 128.00 146.00 NOTE
r-devel-windows-x86_64-gcc10-UCRT 0.9.6 NOTE
r-patched-linux-x86_64 0.9.6 10.60 89.46 100.06 NOTE
r-patched-solaris-x86 0.9.6 190.10 NOTE
r-release-linux-x86_64 0.9.6 8.89 89.64 98.53 NOTE
r-release-macos-arm64 0.9.6 NOTE
r-release-macos-x86_64 0.9.6 NOTE
r-release-windows-ix86+x86_64 0.9.6 25.00 118.00 143.00 NOTE
r-oldrel-macos-x86_64 0.9.6 NOTE
r-oldrel-windows-ix86+x86_64 0.9.6 26.00 124.00 150.00 OK

Check Details

Version: 0.9.6
Check: LazyData
Result: NOTE
     'LazyData' is specified without a 'data' directory
Flavors: r-devel-linux-x86_64-debian-clang, r-devel-linux-x86_64-debian-gcc, r-devel-linux-x86_64-fedora-clang, r-devel-linux-x86_64-fedora-gcc, r-devel-windows-x86_64, r-devel-windows-x86_64-gcc10-UCRT, r-patched-linux-x86_64, r-patched-solaris-x86, r-release-linux-x86_64, r-release-macos-arm64, r-release-macos-x86_64, r-release-windows-ix86+x86_64

Version: 0.9.6
Check: dependencies in R code
Result: NOTE
    Namespace in Imports field not imported from: ‘uroot’
     All declared Imports should be used.
Flavors: r-devel-linux-x86_64-fedora-clang, r-devel-linux-x86_64-fedora-gcc, r-devel-windows-x86_64-gcc10-UCRT, r-patched-solaris-x86, r-release-macos-arm64, r-release-macos-x86_64, r-oldrel-macos-x86_64