CRAN Package Check Results for Package nlnet

Last updated on 2021-10-21 09:54:59 CEST.

Flavor Version Tinstall Tcheck Ttotal Status Flags
r-devel-linux-x86_64-debian-clang 1.4 9.24 90.02 99.26 OK
r-devel-linux-x86_64-debian-gcc 1.4 8.60 69.09 77.69 OK
r-devel-linux-x86_64-fedora-clang 1.4 130.97 OK
r-devel-linux-x86_64-fedora-gcc 1.4 118.07 OK
r-devel-windows-x86_64 1.4 16.00 127.00 143.00 OK
r-devel-windows-x86_64-gcc10-UCRT 1.4 ERROR
r-patched-linux-x86_64 1.4 10.26 87.70 97.96 OK
r-patched-solaris-x86 1.4 180.30 OK
r-release-linux-x86_64 1.4 10.52 87.22 97.74 OK
r-release-macos-arm64 1.4 OK
r-release-macos-x86_64 1.4 OK
r-release-windows-ix86+x86_64 1.4 16.00 113.00 129.00 OK
r-oldrel-macos-x86_64 1.4 OK
r-oldrel-windows-ix86+x86_64 1.4 23.00 114.00 137.00 OK

Check Details

Version: 1.4
Check: package dependencies
Result: ERROR
    Package required but not available: 'igraph'
    
    See section 'The DESCRIPTION file' in the 'Writing R Extensions'
    manual.
Flavor: r-devel-windows-x86_64-gcc10-UCRT