CRAN Package Check Results for Package nlaR

Last updated on 2021-10-16 09:54:25 CEST.

Flavor Version Tinstall Tcheck Ttotal Status Flags
r-devel-linux-x86_64-debian-clang 0.4.0 1.93 21.94 23.87 NOTE
r-devel-linux-x86_64-debian-gcc 0.4.0 1.70 17.57 19.27 NOTE
r-devel-linux-x86_64-fedora-clang 0.4.0 40.87 NOTE
r-devel-linux-x86_64-fedora-gcc 0.4.0 29.64 NOTE
r-devel-windows-x86_64 0.4.0 4.00 31.00 35.00 NOTE
r-devel-windows-x86_64-gcc10-UCRT 0.4.0 NOTE
r-patched-linux-x86_64 0.4.0 2.17 22.84 25.01 NOTE
r-patched-solaris-x86 0.4.0 48.80 NOTE
r-release-linux-x86_64 0.4.0 2.12 22.74 24.86 NOTE
r-release-macos-arm64 0.4.0 NOTE
r-release-macos-x86_64 0.4.0 NOTE
r-release-windows-ix86+x86_64 0.4.0 6.00 46.00 52.00 NOTE
r-oldrel-macos-x86_64 0.4.0 OK
r-oldrel-windows-ix86+x86_64 0.4.0 6.00 41.00 47.00 OK

Check Details

Version: 0.4.0
Check: LazyData
Result: NOTE
     'LazyData' is specified without a 'data' directory
Flavors: r-devel-linux-x86_64-debian-clang, r-devel-linux-x86_64-debian-gcc, r-devel-linux-x86_64-fedora-clang, r-devel-linux-x86_64-fedora-gcc, r-devel-windows-x86_64, r-devel-windows-x86_64-gcc10-UCRT, r-patched-linux-x86_64, r-patched-solaris-x86, r-release-linux-x86_64, r-release-macos-arm64, r-release-macos-x86_64, r-release-windows-ix86+x86_64