Last updated on 2024-04-23 10:54:10 CEST.
Flavor | Version | Tinstall | Tcheck | Ttotal | Status | Flags |
---|---|---|---|---|---|---|
r-devel-linux-x86_64-debian-clang | 0.2.5 | 17.62 | 173.45 | 191.07 | NOTE | |
r-devel-linux-x86_64-debian-gcc | 0.2.5 | 17.64 | 127.56 | 145.20 | NOTE | |
r-devel-linux-x86_64-fedora-clang | 0.2.5 | 238.74 | NOTE | |||
r-devel-linux-x86_64-fedora-gcc | 0.2.5 | 243.74 | NOTE | |||
r-prerel-macos-arm64 | 0.2.5 | 72.00 | NOTE | |||
r-prerel-windows-x86_64 | 0.2.5 | 19.00 | 138.00 | 157.00 | NOTE | |
r-patched-linux-x86_64 | 0.2.5 | 20.56 | 161.62 | 182.18 | NOTE | |
r-release-linux-x86_64 | 0.2.5 | 20.56 | 167.16 | 187.72 | OK | |
r-release-macos-arm64 | 0.2.5 | 79.00 | OK | |||
r-release-macos-x86_64 | 0.2.5 | 170.00 | OK | |||
r-release-windows-x86_64 | 0.2.5 | 24.00 | 167.00 | 191.00 | OK | |
r-oldrel-macos-arm64 | 0.2.5 | 73.00 | OK | |||
r-oldrel-windows-x86_64 | 0.2.5 | 25.00 | 161.00 | 186.00 | OK |
Version: 0.2.5
Check: Rd files
Result: NOTE
checkRd: (-1) postPredSPD.Rd:53: Lost braces in \itemize; \value handles \item{}{} directly
checkRd: (-1) postPredSPD.Rd:54: Lost braces in \itemize; \value handles \item{}{} directly
Flavors: r-devel-linux-x86_64-debian-clang, r-devel-linux-x86_64-debian-gcc, r-devel-linux-x86_64-fedora-clang, r-devel-linux-x86_64-fedora-gcc, r-prerel-macos-arm64, r-prerel-windows-x86_64, r-patched-linux-x86_64