CRAN Package Check Results for Package ngramr

Last updated on 2021-07-27 09:53:29 CEST.

Flavor Version Tinstall Tcheck Ttotal Status Flags
r-devel-linux-x86_64-debian-clang 1.7.4 5.81 54.07 59.88 OK
r-devel-linux-x86_64-debian-gcc 1.7.4 4.27 40.35 44.62 OK
r-devel-linux-x86_64-fedora-clang 1.7.4 77.49 NOTE
r-devel-linux-x86_64-fedora-gcc 1.7.4 67.17 NOTE
r-devel-windows-x86_64 1.7.4 10.00 75.00 85.00 OK
r-devel-windows-x86_64-gcc10-UCRT 1.7.4 NOTE
r-patched-linux-x86_64 1.7.4 5.78 49.96 55.74 OK
r-patched-solaris-x86 1.7.4 99.50 NOTE
r-release-linux-x86_64 1.7.4 5.15 50.02 55.17 OK
r-release-macos-arm64 1.7.4 NOTE
r-release-macos-x86_64 1.7.4 NOTE
r-release-windows-ix86+x86_64 1.7.4 13.00 77.00 90.00 OK
r-oldrel-macos-x86_64 1.7.4 NOTE
r-oldrel-windows-ix86+x86_64 1.7.4 9.00 77.00 86.00 OK

Check Details

Version: 1.7.4
Check: dependencies in R code
Result: NOTE
    Namespace in Imports field not imported from: ‘lifecycle’
     All declared Imports should be used.
Flavors: r-devel-linux-x86_64-fedora-clang, r-devel-linux-x86_64-fedora-gcc, r-devel-windows-x86_64-gcc10-UCRT, r-patched-solaris-x86, r-release-macos-arm64, r-release-macos-x86_64, r-oldrel-macos-x86_64