CRAN Package Check Results for Package newsmd

Last updated on 2021-10-26 10:04:33 CEST.

Flavor Version Tinstall Tcheck Ttotal Status Flags
r-devel-linux-x86_64-debian-clang 0.3.1 2.91 22.46 25.37 NOTE
r-devel-linux-x86_64-debian-gcc 0.3.1 2.11 17.95 20.06 NOTE
r-devel-linux-x86_64-fedora-clang 0.3.1 42.16 NOTE
r-devel-linux-x86_64-fedora-gcc 0.3.1 31.51 NOTE
r-devel-windows-x86_64 0.3.1 6.00 43.00 49.00 NOTE
r-devel-windows-x86_64-gcc10-UCRT 0.3.1 NOTE
r-patched-linux-x86_64 0.3.1 2.68 21.65 24.33 NOTE
r-patched-solaris-x86 0.3.1 49.60 NOTE
r-release-linux-x86_64 0.3.1 2.51 21.56 24.07 NOTE
r-release-macos-arm64 0.3.1 NOTE
r-release-macos-x86_64 0.3.1 NOTE
r-release-windows-ix86+x86_64 0.3.1 5.00 39.00 44.00 NOTE
r-oldrel-macos-x86_64 0.3.1 OK
r-oldrel-windows-ix86+x86_64 0.3.1 6.00 42.00 48.00 OK

Check Details

Version: 0.3.1
Check: LazyData
Result: NOTE
     'LazyData' is specified without a 'data' directory
Flavors: r-devel-linux-x86_64-debian-clang, r-devel-linux-x86_64-debian-gcc, r-devel-linux-x86_64-fedora-clang, r-devel-linux-x86_64-fedora-gcc, r-devel-windows-x86_64, r-devel-windows-x86_64-gcc10-UCRT, r-patched-linux-x86_64, r-patched-solaris-x86, r-release-linux-x86_64, r-release-macos-arm64, r-release-macos-x86_64, r-release-windows-ix86+x86_64