CRAN Package Check Results for Package newsmap

Last updated on 2021-10-16 09:54:25 CEST.

Flavor Version Tinstall Tcheck Ttotal Status Flags
r-devel-linux-x86_64-debian-clang 0.7.4 8.38 88.19 96.57 OK
r-devel-linux-x86_64-debian-gcc 0.7.4 7.61 67.46 75.07 OK
r-devel-linux-x86_64-fedora-clang 0.7.4 125.64 NOTE
r-devel-linux-x86_64-fedora-gcc 0.7.4 114.80 NOTE
r-devel-windows-x86_64 0.7.4 12.00 84.00 96.00 OK
r-devel-windows-x86_64-gcc10-UCRT 0.7.4 NOTE
r-patched-linux-x86_64 0.7.4 7.32 85.22 92.54 OK
r-patched-solaris-x86 0.7.4 170.40 NOTE
r-release-linux-x86_64 0.7.4 7.75 85.46 93.21 OK
r-release-macos-arm64 0.7.4 NOTE
r-release-macos-x86_64 0.7.4 NOTE
r-release-windows-ix86+x86_64 0.7.4 21.00 111.00 132.00 OK
r-oldrel-macos-x86_64 0.7.4 NOTE
r-oldrel-windows-ix86+x86_64 0.7.4 21.00 114.00 135.00 OK

Check Details

Version: 0.7.4
Check: dependencies in R code
Result: NOTE
    Namespace in Imports field not imported from: ‘stringi’
     All declared Imports should be used.
Flavors: r-devel-linux-x86_64-fedora-clang, r-devel-linux-x86_64-fedora-gcc, r-devel-windows-x86_64-gcc10-UCRT, r-patched-solaris-x86, r-release-macos-arm64, r-release-macos-x86_64, r-oldrel-macos-x86_64

Version: 0.7.4
Check: data for non-ASCII characters
Result: NOTE
     Note: found 4485 marked UTF-8 strings
Flavors: r-devel-linux-x86_64-fedora-clang, r-devel-linux-x86_64-fedora-gcc, r-devel-windows-x86_64-gcc10-UCRT, r-patched-solaris-x86, r-release-macos-arm64, r-release-macos-x86_64, r-oldrel-macos-x86_64