CRAN Package Check Results for Package neuralnet

Last updated on 2021-09-21 09:52:52 CEST.

Flavor Version Tinstall Tcheck Ttotal Status Flags
r-devel-linux-x86_64-debian-clang 1.44.2 4.29 51.23 55.52 OK
r-devel-linux-x86_64-debian-gcc 1.44.2 2.74 36.89 39.63 OK
r-devel-linux-x86_64-fedora-clang 1.44.2 72.92 OK
r-devel-linux-x86_64-fedora-gcc 1.44.2 62.53 OK
r-devel-windows-x86_64 1.44.2 6.00 51.00 57.00 OK
r-devel-windows-x86_64-gcc10-UCRT 1.44.2 ERROR
r-patched-linux-x86_64 1.44.2 3.86 52.52 56.38 OK
r-patched-solaris-x86 1.44.2 86.10 OK
r-release-linux-x86_64 1.44.2 3.51 80.04 83.55 OK
r-release-macos-arm64 1.44.2 OK
r-release-macos-x86_64 1.44.2 OK
r-release-windows-ix86+x86_64 1.44.2 8.00 83.00 91.00 OK
r-oldrel-macos-x86_64 1.44.2 OK
r-oldrel-windows-ix86+x86_64 1.44.2 7.00 91.00 98.00 OK

Check Details

Version: 1.44.2
Check: whether package can be installed
Result: WARN
    Found the following significant warnings:
     WARNING: installation-time patches will not be applied, could not get the patches index
Flavor: r-devel-windows-x86_64-gcc10-UCRT

Version: 1.44.2
Check: PDF version of manual
Result: WARN
    LaTeX errors when creating PDF version.
    This typically indicates Rd problems.
Flavor: r-devel-windows-x86_64-gcc10-UCRT

Version: 1.44.2
Check: PDF version of manual without hyperrefs or index
Result: ERROR
    Re-running with no redirection of stdout/stderr.
Flavor: r-devel-windows-x86_64-gcc10-UCRT