Last updated on 2024-04-19 10:57:33 CEST.
Flavor | Version | Tinstall | Tcheck | Ttotal | Status | Flags |
---|---|---|---|---|---|---|
r-devel-linux-x86_64-debian-clang | 0.1.2 | 36.93 | 77.15 | 114.08 | NOTE | |
r-devel-linux-x86_64-debian-gcc | 0.1.2 | NOTE | ||||
r-devel-linux-x86_64-fedora-clang | 0.1.2 | 154.09 | NOTE | |||
r-devel-linux-x86_64-fedora-gcc | 0.1.2 | 141.34 | NOTE | |||
r-prerel-macos-arm64 | 0.1.2 | 36.00 | NOTE | |||
r-prerel-windows-x86_64 | 0.1.2 | 29.00 | 96.00 | 125.00 | NOTE | |
r-patched-linux-x86_64 | 0.1.2 | 31.68 | 72.95 | 104.63 | NOTE | |
r-release-linux-x86_64 | 0.1.2 | 35.71 | 74.65 | 110.36 | NOTE | |
r-release-macos-arm64 | 0.1.2 | 44.00 | NOTE | |||
r-release-macos-x86_64 | 0.1.2 | 76.00 | NOTE | |||
r-release-windows-x86_64 | 0.1.2 | 37.00 | 113.00 | 150.00 | NOTE | |
r-oldrel-macos-arm64 | 0.1.2 | 41.00 | OK | |||
r-oldrel-windows-x86_64 | 0.1.2 | 37.00 | 103.00 | 140.00 | OK |
Version: 0.1.2
Check: C++ specification
Result: NOTE
Specified C++11: please drop specification unless essential
Flavors: r-devel-linux-x86_64-debian-clang, r-devel-linux-x86_64-debian-gcc, r-devel-linux-x86_64-fedora-clang, r-devel-linux-x86_64-fedora-gcc, r-prerel-macos-arm64, r-prerel-windows-x86_64, r-patched-linux-x86_64, r-release-linux-x86_64, r-release-macos-arm64, r-release-macos-x86_64, r-release-windows-x86_64