CRAN Package Check Results for Package networkD3

Last updated on 2021-09-19 09:50:29 CEST.

Flavor Version Tinstall Tcheck Ttotal Status Flags
r-devel-linux-x86_64-debian-clang 0.4 3.20 35.29 38.49 OK
r-devel-linux-x86_64-debian-gcc 0.4 2.31 27.50 29.81 OK
r-devel-linux-x86_64-fedora-clang 0.4 54.61 OK
r-devel-linux-x86_64-fedora-gcc 0.4 43.94 OK
r-devel-windows-x86_64 0.4 4.00 54.00 58.00 OK
r-devel-windows-x86_64-gcc10-UCRT 0.4 ERROR
r-patched-linux-x86_64 0.4 6.69 33.48 40.17 OK
r-patched-solaris-x86 0.4 76.80 OK
r-release-linux-x86_64 0.4 3.07 33.78 36.85 OK
r-release-macos-arm64 0.4 OK
r-release-macos-x86_64 0.4 OK
r-release-windows-ix86+x86_64 0.4 7.00 39.00 46.00 OK
r-oldrel-macos-x86_64 0.4 OK
r-oldrel-windows-ix86+x86_64 0.4 6.00 39.00 45.00 OK

Check Details

Version: 0.4
Check: whether package can be installed
Result: WARN
    Found the following significant warnings:
     WARNING: installation-time patches will not be applied, could not get the patches index
Flavor: r-devel-windows-x86_64-gcc10-UCRT

Version: 0.4
Check: PDF version of manual
Result: WARN
    LaTeX errors when creating PDF version.
    This typically indicates Rd problems.
Flavor: r-devel-windows-x86_64-gcc10-UCRT

Version: 0.4
Check: PDF version of manual without hyperrefs or index
Result: ERROR
    Re-running with no redirection of stdout/stderr.
Flavor: r-devel-windows-x86_64-gcc10-UCRT