CRAN Package Check Results for Package netmeta

Last updated on 2021-09-22 09:52:37 CEST.

Flavor Version Tinstall Tcheck Ttotal Status Flags
r-devel-linux-x86_64-debian-clang 1.5-0 27.85 427.92 455.77 OK
r-devel-linux-x86_64-debian-gcc 1.5-0 22.75 319.49 342.24 OK
r-devel-linux-x86_64-fedora-clang 1.5-0 554.33 NOTE
r-devel-linux-x86_64-fedora-gcc 1.5-0 536.36 NOTE
r-devel-windows-x86_64 1.5-0 28.00 365.00 393.00 OK
r-devel-windows-x86_64-gcc10-UCRT 1.5-0 ERROR
r-patched-linux-x86_64 1.5-0 32.80 424.36 457.16 OK
r-patched-solaris-x86 1.5-0 664.70 NOTE
r-release-linux-x86_64 1.5-0 25.19 421.97 447.16 OK
r-release-macos-arm64 1.5-0 NOTE
r-release-macos-x86_64 1.5-0 NOTE
r-release-windows-ix86+x86_64 1.5-0 51.00 349.00 400.00 OK
r-oldrel-macos-x86_64 1.5-0 NOTE
r-oldrel-windows-ix86+x86_64 1.5-0 38.00 333.00 371.00 OK

Check Details

Version: 1.5-0
Check: data for non-ASCII characters
Result: NOTE
     Note: found 1 marked UTF-8 string
Flavors: r-devel-linux-x86_64-fedora-clang, r-devel-linux-x86_64-fedora-gcc, r-patched-solaris-x86, r-release-macos-arm64, r-release-macos-x86_64, r-oldrel-macos-x86_64

Version: 1.5-0
Check: package dependencies
Result: ERROR
    Package required but not available: 'meta'
    
    Packages suggested but not available for checking: 'rgl', 'igraph'
    
    See section 'The DESCRIPTION file' in the 'Writing R Extensions'
    manual.
Flavor: r-devel-windows-x86_64-gcc10-UCRT