Last updated on 2024-04-18 10:49:55 CEST.
Flavor | Version | Tinstall | Tcheck | Ttotal | Status | Flags |
---|---|---|---|---|---|---|
r-devel-linux-x86_64-debian-clang | 2.0.48 | 14.28 | 136.53 | 150.81 | OK | |
r-devel-linux-x86_64-debian-gcc | 2.0.48 | 13.01 | 97.80 | 110.81 | OK | |
r-devel-linux-x86_64-fedora-clang | 2.0.48 | 186.55 | NOTE | |||
r-devel-linux-x86_64-fedora-gcc | 2.0.48 | 192.37 | NOTE | |||
r-prerel-macos-arm64 | 2.0.48 | 56.00 | OK | |||
r-prerel-windows-x86_64 | 2.0.48 | 13.00 | 125.00 | 138.00 | OK | |
r-patched-linux-x86_64 | 2.0.48 | 22.68 | 125.34 | 148.02 | OK | |
r-release-linux-x86_64 | 2.0.48 | 10.17 | 127.09 | 137.26 | OK | |
r-release-macos-arm64 | 2.0.48 | 67.00 | OK | |||
r-release-macos-x86_64 | 2.0.48 | 98.00 | OK | |||
r-release-windows-x86_64 | 2.0.48 | 21.00 | 148.00 | 169.00 | OK | |
r-oldrel-macos-arm64 | 2.0.48 | 44.00 | OK | |||
r-oldrel-windows-x86_64 | 2.0.48 | 19.00 | 146.00 | 165.00 | OK |
Version: 2.0.48
Check: data for non-ASCII characters
Result: NOTE
Note: found 21 marked UTF-8 strings
Flavors: r-devel-linux-x86_64-fedora-clang, r-devel-linux-x86_64-fedora-gcc