CRAN Package Check Results for Package netClust

Last updated on 2021-10-23 10:57:00 CEST.

Flavor Version Tinstall Tcheck Ttotal Status Flags
r-devel-linux-x86_64-debian-clang 1.0.1 55.42 30.72 86.14 OK
r-devel-linux-x86_64-debian-gcc 1.0.1 41.28 23.48 64.76 OK
r-devel-linux-x86_64-fedora-clang 1.0.1 135.30 OK
r-devel-linux-x86_64-fedora-gcc 1.0.1 116.88 OK
r-devel-windows-x86_64 1.0.1 62.00 49.00 111.00 OK
r-devel-windows-x86_64-gcc10-UCRT 1.0.1 OK
r-patched-linux-x86_64 1.0.1 46.70 29.73 76.43 OK
r-patched-solaris-x86 1.0.1 112.60 OK
r-release-linux-x86_64 1.0.1 48.08 29.88 77.96 OK
r-release-macos-arm64 1.0.1 NOTE
r-release-macos-x86_64 1.0.1 NOTE
r-release-windows-ix86+x86_64 1.0.1 89.00 86.00 175.00 OK
r-oldrel-macos-x86_64 1.0.1 NOTE
r-oldrel-windows-ix86+x86_64 1.0.1 128.00 84.00 212.00 OK

Check Details

Version: 1.0.1
Check: installed package size
Result: NOTE
     installed size is 7.0Mb
     sub-directories of 1Mb or more:
     libs 6.9Mb
Flavors: r-release-macos-arm64, r-release-macos-x86_64, r-oldrel-macos-x86_64