Last updated on 2024-04-24 10:23:01 CEST.
Flavor | Version | Tinstall | Tcheck | Ttotal | Status | Flags |
---|---|---|---|---|---|---|
r-devel-linux-x86_64-debian-clang | 2.1.0 | 6.62 | 93.86 | 100.48 | OK | |
r-devel-linux-x86_64-debian-gcc | 2.1.0 | 8.33 | 70.56 | 78.89 | OK | |
r-devel-linux-x86_64-fedora-clang | 2.1.0 | 136.22 | NOTE | |||
r-devel-linux-x86_64-fedora-gcc | 2.1.0 | 132.56 | OK | |||
r-devel-windows-x86_64 | 2.1.0 | 9.00 | 86.00 | 95.00 | NOTE | |
r-patched-linux-x86_64 | 2.1.0 | 8.32 | 90.91 | 99.23 | OK | |
r-release-linux-x86_64 | 2.1.0 | 6.18 | 94.14 | 100.32 | OK | |
r-release-macos-arm64 | 2.1.0 | 41.00 | NOTE | |||
r-release-macos-x86_64 | 2.1.0 | 66.00 | NOTE | |||
r-release-windows-x86_64 | 2.1.0 | 12.00 | 112.00 | 124.00 | NOTE | |
r-oldrel-macos-arm64 | 2.1.0 | 41.00 | NOTE | |||
r-oldrel-macos-x86_64 | 2.1.0 | 59.00 | NOTE | |||
r-oldrel-windows-x86_64 | 2.1.0 | 14.00 | 113.00 | 127.00 | NOTE |
Version: 2.1.0
Check: installed package size
Result: NOTE
installed size is 6.3Mb
Flavors: r-devel-linux-x86_64-fedora-clang, r-devel-windows-x86_64, r-release-macos-arm64, r-release-macos-x86_64, r-release-windows-x86_64, r-oldrel-macos-arm64, r-oldrel-macos-x86_64, r-oldrel-windows-x86_64