CRAN Package Check Results for Package neatStats

Last updated on 2021-07-27 09:53:29 CEST.

Flavor Version Tinstall Tcheck Ttotal Status Flags
r-devel-linux-x86_64-debian-clang 1.7.2 8.98 88.71 97.69 OK
r-devel-linux-x86_64-debian-gcc 1.7.2 7.76 64.85 72.61 OK
r-devel-linux-x86_64-fedora-clang 1.7.2 126.90 OK
r-devel-linux-x86_64-fedora-gcc 1.7.2 111.26 OK
r-devel-windows-x86_64 1.7.2 16.00 114.00 130.00 OK
r-devel-windows-x86_64-gcc10-UCRT 1.5.1 NOTE
r-patched-linux-x86_64 1.7.2 8.13 80.39 88.52 OK
r-patched-solaris-x86 1.7.2 145.30 OK
r-release-linux-x86_64 1.7.2 8.17 80.09 88.26 OK
r-release-macos-arm64 1.7.2 OK
r-release-macos-x86_64 1.7.2 OK
r-release-windows-ix86+x86_64 1.7.2 22.00 112.00 134.00 OK
r-oldrel-macos-x86_64 1.7.2 OK
r-oldrel-windows-ix86+x86_64 1.7.2 21.00 113.00 134.00 OK

Additional issues

donttest

Check Details

Version: 1.5.1
Check: dependencies in R code
Result: NOTE
    Namespace in Imports field not imported from: 'ez'
     All declared Imports should be used.
Flavor: r-devel-windows-x86_64-gcc10-UCRT

Version: 1.5.1
Check: LazyData
Result: NOTE
     'LazyData' is specified without a 'data' directory
Flavor: r-devel-windows-x86_64-gcc10-UCRT