Last updated on 2024-08-07 10:49:35 CEST.
Flavor | Version | Tinstall | Tcheck | Ttotal | Status | Flags |
---|---|---|---|---|---|---|
r-devel-linux-x86_64-debian-clang | 0.1.13 | 3.76 | 34.12 | 37.88 | NOTE | |
r-devel-linux-x86_64-debian-gcc | 0.1.13 | 2.82 | 25.42 | 28.24 | NOTE | |
r-devel-linux-x86_64-fedora-clang | 0.1.13 | 62.00 | OK | |||
r-devel-linux-x86_64-fedora-gcc | 0.1.13 | 57.71 | OK | |||
r-devel-windows-x86_64 | 0.1.13 | 6.00 | 63.00 | 69.00 | NOTE | |
r-patched-linux-x86_64 | 0.1.13 | 7.61 | 33.59 | 41.20 | OK | |
r-release-linux-x86_64 | 0.1.13 | 3.18 | 33.18 | 36.36 | OK | |
r-release-macos-arm64 | 0.1.13 | 22.00 | OK | |||
r-release-macos-x86_64 | 0.1.13 | 39.00 | OK | |||
r-release-windows-x86_64 | 0.1.13 | 6.00 | 62.00 | 68.00 | OK | |
r-oldrel-macos-arm64 | 0.1.13 | 23.00 | OK | |||
r-oldrel-macos-x86_64 | 0.1.13 | 46.00 | OK | |||
r-oldrel-windows-x86_64 | 0.1.13 | 7.00 | 66.00 | 73.00 | OK |
Version: 0.1.13
Check: Rd cross-references
Result: NOTE
Found the following Rd file(s) with Rd \link{} targets missing package
anchors:
fs.dmred.Rd: principal, fa
Please provide package anchors for all Rd \link{} targets not in the
package itself and the base packages.
Flavors: r-devel-linux-x86_64-debian-clang, r-devel-linux-x86_64-debian-gcc, r-devel-windows-x86_64