CRAN Package Check Results for Package ncmeta

Last updated on 2021-10-25 09:55:27 CEST.

Flavor Version Tinstall Tcheck Ttotal Status Flags
r-devel-linux-x86_64-debian-clang 0.3.0 4.82 56.36 61.18 NOTE
r-devel-linux-x86_64-debian-gcc 0.3.0 3.80 41.40 45.20 NOTE
r-devel-linux-x86_64-fedora-clang 0.3.0 82.07 NOTE
r-devel-linux-x86_64-fedora-gcc 0.3.0 71.87 NOTE
r-devel-windows-x86_64 0.3.0 10.00 85.00 95.00 NOTE
r-devel-windows-x86_64-gcc10-UCRT 0.3.0 NOTE
r-patched-linux-x86_64 0.3.0 5.12 53.07 58.19 NOTE
r-patched-solaris-x86 0.3.0 95.30 NOTE
r-release-linux-x86_64 0.3.0 4.70 52.23 56.93 NOTE
r-release-macos-arm64 0.3.0 NOTE
r-release-macos-x86_64 0.3.0 NOTE
r-release-windows-ix86+x86_64 0.3.0 9.00 75.00 84.00 NOTE
r-oldrel-macos-x86_64 0.3.0 OK
r-oldrel-windows-ix86+x86_64 0.3.0 14.00 82.00 96.00 OK

Check Details

Version: 0.3.0
Check: LazyData
Result: NOTE
     'LazyData' is specified without a 'data' directory
Flavors: r-devel-linux-x86_64-debian-clang, r-devel-linux-x86_64-debian-gcc, r-devel-linux-x86_64-fedora-clang, r-devel-linux-x86_64-fedora-gcc, r-devel-windows-x86_64, r-devel-windows-x86_64-gcc10-UCRT, r-patched-linux-x86_64, r-patched-solaris-x86, r-release-linux-x86_64, r-release-macos-arm64, r-release-macos-x86_64, r-release-windows-ix86+x86_64