CRAN Package Check Results for Package ncdf4

Last updated on 2021-09-23 10:53:35 CEST.

Flavor Version Tinstall Tcheck Ttotal Status Flags
r-devel-linux-x86_64-debian-clang 1.17 8.87 39.20 48.07 WARN
r-devel-linux-x86_64-debian-gcc 1.17 6.54 29.49 36.03 WARN
r-devel-linux-x86_64-fedora-clang 1.17 66.55 OK
r-devel-linux-x86_64-fedora-gcc 1.17 55.18 OK
r-devel-windows-x86_64 1.17 13.00 47.00 60.00 OK
r-devel-windows-x86_64-gcc10-UCRT 1.17 ERROR
r-patched-linux-x86_64 1.17 7.97 37.35 45.32 WARN
r-patched-solaris-x86 1.17 68.30 OK
r-release-linux-x86_64 1.17 7.55 36.90 44.45 WARN
r-release-macos-arm64 1.17 NOTE
r-release-macos-x86_64 1.17 NOTE
r-release-windows-ix86+x86_64 1.17 20.00 74.00 94.00 NOTE
r-oldrel-macos-x86_64 1.17 NOTE
r-oldrel-windows-ix86+x86_64 1.17 17.00 69.00 86.00 NOTE

Check Details

Version: 1.17
Check: top-level files
Result: WARN
     Output from running autoreconf:
     configure.ac:44: warning: AC_OUTPUT should be used without arguments.
     configure.ac:44: You should run autoupdate.
Flavors: r-devel-linux-x86_64-debian-clang, r-devel-linux-x86_64-debian-gcc, r-patched-linux-x86_64, r-release-linux-x86_64

Version: 1.17
Check: whether package can be installed
Result: ERROR
    Installation failed.
Flavor: r-devel-windows-x86_64-gcc10-UCRT

Version: 1.17
Check: installed package size
Result: NOTE
     installed size is 7.1Mb
     sub-directories of 1Mb or more:
     libs 6.8Mb
Flavors: r-release-macos-arm64, r-release-macos-x86_64, r-release-windows-ix86+x86_64, r-oldrel-macos-x86_64, r-oldrel-windows-ix86+x86_64