CRAN Package Check Results for Package naivereg

Last updated on 2021-09-19 09:50:28 CEST.

Flavor Version Tinstall Tcheck Ttotal Status Flags
r-devel-linux-x86_64-debian-clang 1.0.5 8.02 74.26 82.28 OK
r-devel-linux-x86_64-debian-gcc 1.0.5 6.60 58.72 65.32 OK
r-devel-linux-x86_64-fedora-clang 1.0.5 108.33 OK
r-devel-linux-x86_64-fedora-gcc 1.0.5 99.89 OK
r-devel-windows-x86_64 1.0.5 10.00 102.00 112.00 OK
r-devel-windows-x86_64-gcc10-UCRT 1.0.5 ERROR
r-patched-linux-x86_64 1.0.5 6.79 73.55 80.34 OK
r-patched-solaris-x86 1.0.5 155.00 OK
r-release-linux-x86_64 1.0.5 7.68 72.95 80.63 OK
r-release-macos-arm64 1.0.5 OK
r-release-macos-x86_64 1.0.5 OK
r-release-windows-ix86+x86_64 1.0.5 17.00 74.00 91.00 OK
r-oldrel-macos-x86_64 1.0.5 OK
r-oldrel-windows-ix86+x86_64 1.0.5 18.00 72.00 90.00 OK

Check Details

Version: 1.0.5
Check: whether package can be installed
Result: WARN
    Found the following significant warnings:
     WARNING: installation-time patches will not be applied, could not get the patches index
Flavor: r-devel-windows-x86_64-gcc10-UCRT

Version: 1.0.5
Check: PDF version of manual
Result: WARN
    LaTeX errors when creating PDF version.
    This typically indicates Rd problems.
Flavor: r-devel-windows-x86_64-gcc10-UCRT

Version: 1.0.5
Check: PDF version of manual without hyperrefs or index
Result: ERROR
    Re-running with no redirection of stdout/stderr.
Flavor: r-devel-windows-x86_64-gcc10-UCRT