CRAN Package Check Results for Package nCov2019

Last updated on 2021-09-19 09:50:28 CEST.

Flavor Version Tinstall Tcheck Ttotal Status Flags
r-devel-linux-x86_64-debian-clang 0.4.5 5.34 83.58 88.92 OK
r-devel-linux-x86_64-debian-gcc 0.4.5 4.13 63.58 67.71 OK
r-devel-linux-x86_64-fedora-clang 0.4.5 118.07 NOTE
r-devel-linux-x86_64-fedora-gcc 0.4.5 100.52 OK
r-devel-windows-x86_64 0.4.5 8.00 130.00 138.00 NOTE
r-devel-windows-x86_64-gcc10-UCRT 0.4.5 ERROR
r-patched-linux-x86_64 0.4.5 5.26 79.44 84.70 OK
r-patched-solaris-x86 0.4.5 90.60 NOTE
r-release-linux-x86_64 0.4.5 5.31 79.25 84.56 OK
r-release-macos-arm64 0.4.5 NOTE
r-release-macos-x86_64 0.4.5 NOTE
r-release-windows-ix86+x86_64 0.4.5 13.00 92.00 105.00 NOTE
r-oldrel-macos-x86_64 0.4.5 NOTE
r-oldrel-windows-ix86+x86_64 0.4.5 14.00 91.00 105.00 NOTE

Check Details

Version: 0.4.5
Check: installed package size
Result: NOTE
     installed size is 6.4Mb
     sub-directories of 1Mb or more:
     doc 5.4Mb
Flavors: r-devel-linux-x86_64-fedora-clang, r-devel-windows-x86_64, r-patched-solaris-x86, r-release-macos-arm64, r-release-macos-x86_64, r-release-windows-ix86+x86_64, r-oldrel-macos-x86_64, r-oldrel-windows-ix86+x86_64

Version: 0.4.5
Check: whether package can be installed
Result: WARN
    Found the following significant warnings:
     WARNING: installation-time patches will not be applied, could not get the patches index
Flavor: r-devel-windows-x86_64-gcc10-UCRT

Version: 0.4.5
Check: PDF version of manual
Result: WARN
    LaTeX errors when creating PDF version.
    This typically indicates Rd problems.
Flavor: r-devel-windows-x86_64-gcc10-UCRT

Version: 0.4.5
Check: PDF version of manual without hyperrefs or index
Result: ERROR
    Re-running with no redirection of stdout/stderr.
Flavor: r-devel-windows-x86_64-gcc10-UCRT