CRAN Package Check Results for Package musica

Last updated on 2021-08-04 09:55:01 CEST.

Flavor Version Tinstall Tcheck Ttotal Status Flags
r-devel-linux-x86_64-debian-clang 0.1.3 10.26 100.45 110.71 OK
r-devel-linux-x86_64-debian-gcc 0.1.3 7.85 73.48 81.33 OK
r-devel-linux-x86_64-fedora-clang 0.1.3 136.00 OK
r-devel-linux-x86_64-fedora-gcc 0.1.3 121.99 OK
r-devel-windows-x86_64 0.1.3 11.00 117.00 128.00 OK
r-devel-windows-x86_64-gcc10-UCRT 0.1.3 OK
r-patched-linux-x86_64 0.1.3 12.97 91.06 104.03 OK
r-patched-solaris-x86 0.1.3 176.00 OK
r-release-linux-x86_64 0.1.3 9.27 91.02 100.29 OK
r-release-macos-arm64 0.1.3 WARN
r-release-macos-x86_64 0.1.3 OK
r-release-windows-ix86+x86_64 0.1.3 20.00 116.00 136.00 OK
r-oldrel-macos-x86_64 0.1.3 OK
r-oldrel-windows-ix86+x86_64 0.1.3 17.00 117.00 134.00 OK

Check Details

Version: 0.1.3
Check: re-building of vignette outputs
Result: WARN
    Error(s) in re-building vignettes:
     ...
    --- re-building ‘using_musica.Rmd’ using rmarkdown
    Warning in engine$weave(file, quiet = quiet, encoding = enc) :
     Pandoc (>= 1.12.3) not available. Falling back to R Markdown v1.
    Quitting from lines 64-67 (using_musica.Rmd)
    Error: processing vignette 'using_musica.Rmd' failed with diagnostics:
    polygon edge not found
    --- failed re-building ‘using_musica.Rmd’
    
    SUMMARY: processing the following file failed:
     ‘using_musica.Rmd’
    
    Error: Vignette re-building failed.
    Execution halted
Flavor: r-release-macos-arm64