Last updated on 2024-04-26 09:52:06 CEST.
Flavor | Version | Tinstall | Tcheck | Ttotal | Status | Flags |
---|---|---|---|---|---|---|
r-devel-linux-x86_64-debian-clang | 1.0.2 | 42.92 | 42.66 | 85.58 | NOTE | |
r-devel-linux-x86_64-debian-gcc | 1.0.2 | 35.62 | 31.73 | 67.35 | NOTE | |
r-devel-linux-x86_64-fedora-clang | 1.0.2 | 121.98 | NOTE | |||
r-devel-linux-x86_64-fedora-gcc | 1.0.2 | 117.79 | NOTE | |||
r-devel-windows-x86_64 | 1.0.2 | 35.00 | 67.00 | 102.00 | NOTE | |
r-patched-linux-x86_64 | 1.0.2 | 42.28 | 41.47 | 83.75 | OK | |
r-release-linux-x86_64 | 1.0.2 | 45.07 | 40.54 | 85.61 | OK | |
r-release-macos-arm64 | 1.0.2 | 32.00 | OK | |||
r-release-macos-x86_64 | 1.0.2 | 74.00 | OK | |||
r-release-windows-x86_64 | 1.0.2 | 33.00 | 66.00 | 99.00 | OK | |
r-oldrel-macos-arm64 | 1.0.2 | 37.00 | OK | |||
r-oldrel-macos-x86_64 | 1.0.2 | 61.00 | OK | |||
r-oldrel-windows-x86_64 | 1.0.2 | 42.00 | 80.00 | 122.00 | OK |
Version: 1.0.2
Check: compiled code
Result: NOTE
File ‘multbxxc/libs/multbxxc.so’:
Found non-API calls to R: ‘IS_GROWABLE’, ‘SETLENGTH’,
‘SET_TRUELENGTH’
Compiled code should not call non-API entry points in R.
See ‘Writing portable packages’ in the ‘Writing R Extensions’ manual.
Flavors: r-devel-linux-x86_64-debian-clang, r-devel-linux-x86_64-debian-gcc, r-devel-linux-x86_64-fedora-clang, r-devel-linux-x86_64-fedora-gcc
Version: 1.0.2
Check: Rd cross-references
Result: NOTE
Undeclared package ‘slam’ in Rd xrefs
Flavor: r-devel-linux-x86_64-fedora-clang
Version: 1.0.2
Check: compiled code
Result: NOTE
File 'multbxxc/libs/x64/multbxxc.dll':
Found non-API calls to R: 'IS_GROWABLE', 'SETLENGTH',
'SET_TRUELENGTH'
Compiled code should not call non-API entry points in R.
See 'Writing portable packages' in the 'Writing R Extensions' manual.
Flavor: r-devel-windows-x86_64