CRAN Package Check Results for Package mrMLM

Last updated on 2021-10-25 09:55:27 CEST.

Flavor Version Tinstall Tcheck Ttotal Status Flags
r-devel-linux-x86_64-debian-clang 4.0.2 38.82 143.51 182.33 OK
r-devel-linux-x86_64-debian-gcc 4.0.2 31.76 108.38 140.14 OK
r-devel-linux-x86_64-fedora-clang 4.0.2 239.57 OK
r-devel-linux-x86_64-fedora-gcc 4.0.2 221.87 OK
r-devel-windows-x86_64 4.0.2 60.00 202.00 262.00 OK
r-devel-windows-x86_64-gcc10-UCRT 4.0.2 OK
r-patched-linux-x86_64 4.0.2 35.44 137.91 173.35 OK
r-patched-solaris-x86 4.0.2 329.50 OK
r-release-linux-x86_64 4.0.2 37.00 138.52 175.52 OK
r-release-macos-arm64 4.0.2 OK
r-release-macos-x86_64 4.0.2 OK
r-release-windows-ix86+x86_64 4.0.2 73.00 286.00 359.00 NOTE
r-oldrel-macos-x86_64 4.0.2 OK
r-oldrel-windows-ix86+x86_64 4.0.2 92.00 281.00 373.00 NOTE

Check Details

Version: 4.0.2
Check: installed package size
Result: NOTE
     installed size is 5.0Mb
     sub-directories of 1Mb or more:
     extdata 2.2Mb
     libs 2.0Mb
Flavors: r-release-windows-ix86+x86_64, r-oldrel-windows-ix86+x86_64