CRAN Package Check Results for Package mppR

Last updated on 2021-10-22 09:53:11 CEST.

Flavor Version Tinstall Tcheck Ttotal Status Flags
r-devel-linux-x86_64-debian-clang 1.3.0 11.18 219.21 230.39 OK
r-devel-linux-x86_64-debian-gcc 1.3.0 8.69 159.19 167.88 OK
r-devel-linux-x86_64-fedora-clang 1.3.0 279.25 OK
r-devel-linux-x86_64-fedora-gcc 1.3.0 267.15 OK
r-devel-windows-x86_64 1.3.0 17.00 255.00 272.00 OK
r-devel-windows-x86_64-gcc10-UCRT 1.3.0 ERROR
r-patched-linux-x86_64 1.3.0 13.34 209.27 222.61 OK
r-patched-solaris-x86 1.3.0 353.00 OK
r-release-linux-x86_64 1.3.0 11.20 206.48 217.68 OK
r-release-macos-arm64 1.3.0 OK
r-release-macos-x86_64 1.3.0 OK
r-release-windows-ix86+x86_64 1.3.0 23.00 252.00 275.00 OK
r-oldrel-macos-x86_64 1.3.0 OK
r-oldrel-windows-ix86+x86_64 1.3.0 23.00 264.00 287.00 OK

Check Details

Version: 1.3.0
Check: package dependencies
Result: ERROR
    Package required but not available: 'igraph'
    
    See section 'The DESCRIPTION file' in the 'Writing R Extensions'
    manual.
Flavor: r-devel-windows-x86_64-gcc10-UCRT