CRAN Package Check Results for Package mplot

Last updated on 2021-07-25 09:50:26 CEST.

Flavor Version Tinstall Tcheck Ttotal Status Flags
r-devel-linux-x86_64-debian-clang 1.0.6 8.65 80.55 89.20 NOTE
r-devel-linux-x86_64-debian-gcc 1.0.6 6.70 58.85 65.55 NOTE
r-devel-linux-x86_64-fedora-clang 1.0.6 111.32 NOTE
r-devel-linux-x86_64-fedora-gcc 1.0.6 100.75 NOTE
r-devel-windows-x86_64 1.0.6 11.00 83.00 94.00 OK
r-devel-windows-x86_64-gcc10-UCRT 1.0.6 OK
r-patched-linux-x86_64 1.0.6 8.29 73.48 81.77 NOTE
r-patched-solaris-x86 1.0.6 143.80 NOTE
r-release-linux-x86_64 1.0.6 6.66 75.53 82.19 NOTE
r-release-macos-arm64 1.0.4 OK
r-release-macos-x86_64 1.0.6 OK
r-release-windows-ix86+x86_64 1.0.6 18.00 108.00 126.00 OK
r-oldrel-macos-x86_64 1.0.6 OK
r-oldrel-windows-ix86+x86_64 1.0.6 17.00 97.00 114.00 OK

Check Details

Version: 1.0.6
Check: package dependencies
Result: NOTE
    Package suggested but not available for checking: 'mvoutlier'
Flavors: r-devel-linux-x86_64-debian-clang, r-devel-linux-x86_64-debian-gcc, r-devel-linux-x86_64-fedora-clang, r-devel-linux-x86_64-fedora-gcc, r-patched-linux-x86_64, r-patched-solaris-x86, r-release-linux-x86_64