CRAN Package Check Results for Package mp

Last updated on 2021-10-24 10:04:12 CEST.

Flavor Version Tinstall Tcheck Ttotal Status Flags
r-devel-linux-x86_64-debian-clang 0.4.1 59.31 26.38 85.69 OK
r-devel-linux-x86_64-debian-gcc 0.4.1 39.86 21.09 60.95 OK
r-devel-linux-x86_64-fedora-clang 0.4.1 139.53 NOTE
r-devel-linux-x86_64-fedora-gcc 0.4.1 114.32 NOTE
r-devel-windows-x86_64 0.4.1 76.00 46.00 122.00 OK
r-devel-windows-x86_64-gcc10-UCRT 0.4.1 OK
r-patched-linux-x86_64 0.4.1 51.48 26.31 77.79 OK
r-patched-solaris-x86 0.4.1 115.30 OK
r-release-linux-x86_64 0.4.1 50.08 26.21 76.29 OK
r-release-macos-arm64 0.4.1 OK
r-release-macos-x86_64 0.4.1 OK
r-release-windows-ix86+x86_64 0.4.1 101.00 71.00 172.00 OK
r-oldrel-macos-x86_64 0.4.1 OK
r-oldrel-windows-ix86+x86_64 0.4.1 155.00 76.00 231.00 OK

Check Details

Version: 0.4.1
Check: Rd cross-references
Result: NOTE
    Undeclared package ‘proxy’ in Rd xrefs
Flavor: r-devel-linux-x86_64-fedora-clang

Version: 0.4.1
Check: compiled code
Result: NOTE
    File ‘mp/libs/mp.so’:
     Found no calls to: ‘R_registerRoutines’, ‘R_useDynamicSymbols’
    
    It is good practice to register native routines and to disable symbol
    search.
    
    See ‘Writing portable packages’ in the ‘Writing R Extensions’ manual.
Flavors: r-devel-linux-x86_64-fedora-clang, r-devel-linux-x86_64-fedora-gcc