CRAN Package Check Results for Package moveVis

Last updated on 2021-09-19 09:50:27 CEST.

Flavor Version Tinstall Tcheck Ttotal Status Flags
r-devel-linux-x86_64-debian-clang 0.10.5 17.46 185.83 203.29 OK
r-devel-linux-x86_64-debian-gcc 0.10.5 15.44 139.76 155.20 OK
r-devel-linux-x86_64-fedora-clang 0.10.5 242.17 OK
r-devel-linux-x86_64-fedora-gcc 0.10.5 262.08 OK
r-devel-windows-x86_64 0.10.5 22.00 211.00 233.00 OK
r-devel-windows-x86_64-gcc10-UCRT 0.10.5 ERROR
r-patched-linux-x86_64 0.10.5 23.50 175.62 199.12 OK
r-release-linux-x86_64 0.10.5 16.47 172.10 188.57 OK
r-release-macos-arm64 0.10.5 OK
r-release-macos-x86_64 0.10.5 OK
r-release-windows-ix86+x86_64 0.10.5 38.00 152.00 190.00 OK
r-oldrel-macos-x86_64 0.10.5 OK
r-oldrel-windows-ix86+x86_64 0.10.5 42.00 147.00 189.00 OK

Check Details

Version: 0.10.5
Check: whether package can be installed
Result: WARN
    Found the following significant warnings:
     WARNING: installation-time patches will not be applied, could not get the patches index
Flavor: r-devel-windows-x86_64-gcc10-UCRT

Version: 0.10.5
Check: PDF version of manual
Result: WARN
    LaTeX errors when creating PDF version.
    This typically indicates Rd problems.
Flavor: r-devel-windows-x86_64-gcc10-UCRT

Version: 0.10.5
Check: PDF version of manual without hyperrefs or index
Result: ERROR
    Re-running with no redirection of stdout/stderr.
Flavor: r-devel-windows-x86_64-gcc10-UCRT