Last updated on 2024-03-27 10:09:32 CET.
Flavor | Version | Tinstall | Tcheck | Ttotal | Status | Flags |
---|---|---|---|---|---|---|
r-devel-linux-x86_64-debian-clang | 4.2.4 | 69.54 | 579.96 | 649.50 | NOTE | |
r-devel-linux-x86_64-debian-gcc | 4.2.4 | 53.80 | 412.78 | 466.58 | NOTE | |
r-devel-linux-x86_64-fedora-clang | 4.2.4 | 841.24 | NOTE | |||
r-devel-linux-x86_64-fedora-gcc | 4.2.4 | 859.28 | NOTE | |||
r-devel-windows-x86_64 | 4.2.4 | 55.00 | 424.00 | 479.00 | NOTE | |
r-patched-linux-x86_64 | 4.2.4 | 63.45 | 510.91 | 574.36 | OK | |
r-release-linux-x86_64 | 4.2.4 | 69.67 | 528.19 | 597.86 | OK | |
r-release-macos-arm64 | 4.2.4 | 168.00 | NOTE | |||
r-release-macos-x86_64 | 4.2.4 | 463.00 | NOTE | |||
r-release-windows-x86_64 | 4.2.4 | 76.00 | 567.00 | 643.00 | OK | |
r-oldrel-macos-arm64 | 4.2.4 | 165.00 | NOTE | |||
r-oldrel-windows-x86_64 | 4.2.4 | 78.00 | 547.00 | 625.00 | OK |
Version: 4.2.4
Check: Rd files
Result: NOTE
checkRd: (-1) brownian.motion.variance.dyn.Rd:39: Lost braces
39 | \link{brownian.bridge.dyn}, link{dynBGBvariance}
| ^
Flavors: r-devel-linux-x86_64-debian-clang, r-devel-linux-x86_64-debian-gcc, r-devel-linux-x86_64-fedora-clang, r-devel-linux-x86_64-fedora-gcc, r-devel-windows-x86_64
Version: 4.2.4
Check: installed package size
Result: NOTE
installed size is 5.4Mb
sub-directories of 1Mb or more:
R 2.0Mb
Flavors: r-release-macos-arm64, r-release-macos-x86_64, r-oldrel-macos-arm64
Version: 4.2.4
Check: package dependencies
Result: NOTE
Packages suggested but not available for checking: 'ctmm', 'amt'
Flavor: r-release-macos-x86_64
Version: 4.2.4
Check: Rd cross-references
Result: NOTE
Packages unavailable to check Rd xrefs: ‘ctmm’, ‘amt’
Flavor: r-release-macos-x86_64