CRAN Package Check Results for Package motoRneuron

Last updated on 2021-08-04 09:55:00 CEST.

Flavor Version Tinstall Tcheck Ttotal Status Flags
r-devel-linux-x86_64-debian-clang 1.0.0 6.26 59.10 65.36 OK
r-devel-linux-x86_64-debian-gcc 1.0.0 4.68 42.78 47.46 OK
r-devel-linux-x86_64-fedora-clang 1.0.0 84.67 OK
r-devel-linux-x86_64-fedora-gcc 1.0.0 74.51 OK
r-devel-windows-x86_64 1.0.0 6.00 77.00 83.00 OK
r-devel-windows-x86_64-gcc10-UCRT 1.0.0 OK
r-patched-linux-x86_64 1.0.0 5.29 53.65 58.94 OK
r-patched-solaris-x86 1.0.0 106.10 OK
r-release-linux-x86_64 1.0.0 5.84 53.55 59.39 OK
r-release-macos-arm64 1.0.0 WARN
r-release-macos-x86_64 1.0.0 OK
r-release-windows-ix86+x86_64 1.0.0 14.00 76.00 90.00 OK
r-oldrel-macos-x86_64 1.0.0 OK
r-oldrel-windows-ix86+x86_64 1.0.0 13.00 79.00 92.00 OK

Check Details

Version: 1.0.0
Check: re-building of vignette outputs
Result: WARN
    Error(s) in re-building vignettes:
     ...
    --- re-building ‘motoRneuron.Rmd’ using rmarkdown
    Warning in engine$weave(file, quiet = quiet, encoding = enc) :
     Pandoc (>= 1.12.3) not available. Falling back to R Markdown v1.
    Loading required package: ggplot2
    Loading required package: dygraphs
    Quitting from lines 121-122 (motoRneuron.Rmd)
    Error: processing vignette 'motoRneuron.Rmd' failed with diagnostics:
    polygon edge not found
    --- failed re-building ‘motoRneuron.Rmd’
    
    SUMMARY: processing the following file failed:
     ‘motoRneuron.Rmd’
    
    Error: Vignette re-building failed.
    Execution halted
Flavor: r-release-macos-arm64