Last updated on 2024-04-23 10:54:09 CEST.
Flavor | Version | Tinstall | Tcheck | Ttotal | Status | Flags |
---|---|---|---|---|---|---|
r-devel-linux-x86_64-debian-clang | 3.5.4 | 255.56 | 298.10 | 553.66 | OK | |
r-devel-linux-x86_64-debian-gcc | 3.5.4 | 193.78 | 214.99 | 408.77 | OK | |
r-devel-linux-x86_64-fedora-clang | 3.5.4 | 815.42 | OK | |||
r-devel-linux-x86_64-fedora-gcc | 3.5.4 | 782.19 | OK | |||
r-prerel-macos-arm64 | 3.5.4 | 149.00 | NOTE | |||
r-prerel-macos-x86_64 | 3.5.4 | 341.00 | NOTE | |||
r-prerel-windows-x86_64 | 3.5.4 | 201.00 | 266.00 | 467.00 | OK | |
r-patched-linux-x86_64 | 3.5.4 | 241.08 | 299.48 | 540.56 | OK | |
r-release-linux-x86_64 | 3.5.4 | 226.25 | 302.35 | 528.60 | OK | |
r-release-macos-arm64 | 3.5.4 | 231.00 | NOTE | |||
r-release-macos-x86_64 | 3.5.4 | 331.00 | NOTE | |||
r-release-windows-x86_64 | 3.5.4 | 250.00 | 320.00 | 570.00 | OK | |
r-oldrel-macos-arm64 | 3.5.4 | 187.00 | NOTE | |||
r-oldrel-windows-x86_64 | 3.5.4 | 246.00 | 326.00 | 572.00 | OK |
Version: 3.5.4
Check: installed package size
Result: NOTE
installed size is 9.8Mb
sub-directories of 1Mb or more:
libs 8.2Mb
Flavors: r-prerel-macos-arm64, r-prerel-macos-x86_64, r-release-macos-arm64, r-release-macos-x86_64, r-oldrel-macos-arm64